{"id":2807,"date":"2019-01-31T12:53:07","date_gmt":"2019-01-31T11:53:07","guid":{"rendered":"http:\/\/www.kremacezviratostrava.cz\/shop\/?post_type=product&#038;p=2807"},"modified":"2019-02-13T18:32:39","modified_gmt":"2019-02-13T17:32:39","slug":"koralek-15","status":"publish","type":"product","link":"http:\/\/www.kremacezviratostrava.cz\/shop\/produkt\/koralek-15\/","title":{"rendered":"Kor\u00e1lek"},"content":{"rendered":"<p>Popel je p\u0159\u00edmo zataven do&nbsp;sklen\u011bn\u00e9ho kor\u00e1lku. Kov\u00e1n\u00ed je vyrobeno z&nbsp;kvalitn\u00edho st\u0159\u00edbra 925\/1000. Kor\u00e1lek je mo\u017en\u00e9 nosit na&nbsp;krku jako p\u0159\u00edv\u011bsek nebo na&nbsp;ruce na&nbsp;n\u00e1ramku. POZOR! N\u00e1ramek nen\u00ed sou\u010d\u00e1st\u00ed v\u00fdrobku.<br \/>\nKolekce Beads vyu\u017e\u00edv\u00e1 pro v\u00fdrobu speci\u00e1ln\u00ed techniky vinut\u00fdch perel. Jedn\u00e1 se o&nbsp;zcela ru\u010dn\u00ed v\u00fdrobu a&nbsp;proto se design m\u016f\u017ee nepatrn\u011b li\u0161it.<\/p>\n<p>Ke kor\u00e1lku lze objednat tak\u00e9 st\u0159\u00edbrn\u00fd n\u00e1ramek p\u0159\u00edpadn\u011b \u0159et\u00edzek.<\/p>\n<p><strong>Barva: <\/strong>\u010cern\u00e1<\/p>\n<p><strong>Rozm\u011bry:<\/strong>\u00a0pr\u016fm\u011br 18 mm; hmotnost 5,0 g<\/p>\n<p><strong>Text:<\/strong>\u00a0NE<\/p>\n<p><strong>Dutina na&nbsp;popel:<\/strong>\u00a0NE<\/p>\n<p><strong>Materi\u00e1l:<\/strong>\u00a0Sklo<\/p>\n","protected":false},"excerpt":{"rendered":"<p>N\u00e1ramkov\u00fd kor\u00e1lek se zataven\u00fdm popelem<br \/>\n&nbsp;<br \/>\npr\u016fm\u011br 18 mm; hmotnost 5,0 g<br \/>\n<span style=\"color: #ce534d;\">Zak\u00e1zkov\u00e1 v\u00fdroba<\/span>&hellip; <a class=\"kt-excerpt-readmore more-link\" href=\"http:\/\/www.kremacezviratostrava.cz\/shop\/produkt\/koralek-15\/\">\u010ct\u011bte v\u00edce<\/a><\/p>\n","protected":false},"featured_media":2808,"comment_status":"open","ping_status":"closed","template":"","meta":[],"product_cat":[74,92],"product_tag":[157],"_links":{"self":[{"href":"http:\/\/www.kremacezviratostrava.cz\/shop\/wp-json\/wp\/v2\/product\/2807"}],"collection":[{"href":"http:\/\/www.kremacezviratostrava.cz\/shop\/wp-json\/wp\/v2\/product"}],"about":[{"href":"http:\/\/www.kremacezviratostrava.cz\/shop\/wp-json\/wp\/v2\/types\/product"}],"replies":[{"embeddable":true,"href":"http:\/\/www.kremacezviratostrava.cz\/shop\/wp-json\/wp\/v2\/comments?post=2807"}],"wp:featuredmedia":[{"embeddable":true,"href":"http:\/\/www.kremacezviratostrava.cz\/shop\/wp-json\/wp\/v2\/media\/2808"}],"wp:attachment":[{"href":"http:\/\/www.kremacezviratostrava.cz\/shop\/wp-json\/wp\/v2\/media?parent=2807"}],"wp:term":[{"taxonomy":"product_cat","embeddable":true,"href":"http:\/\/www.kremacezviratostrava.cz\/shop\/wp-json\/wp\/v2\/product_cat?post=2807"},{"taxonomy":"product_tag","embeddable":true,"href":"http:\/\/www.kremacezviratostrava.cz\/shop\/wp-json\/wp\/v2\/product_tag?post=2807"}],"curies":[{"name":"wp","href":"https:\/\/api.w.org\/{rel}","templated":true}]}}

Korálek

<p>Popel je přímo zataven do&nbsp;skleněného korálku. Kování je vyrobeno z&nbsp;kvalitního stříbra 925/1000. Korálek je možné nosit na&nbsp;krku jako přívěsek nebo na&nbsp;ruce na&nbsp;náramku. POZOR! Náramek není součástí výrobku.<br />
Kolekce Beads využívá pro výrobu speciální techniky vinutých perel. Jedná se o&nbsp;zcela ruční výrobu a&nbsp;proto se design může nepatrně lišit.</p>
<p>Ke korálku lze objednat také stříbrný náramek případně řetízek.</p>
<p><strong>Barva: </strong>Černá</p>
<p><strong>Rozměry:</strong> průměr 18 mm; hmotnost 5,0 g</p>
<p><strong>Text:</strong> NE</p>
<p><strong>Dutina na&nbsp;popel:</strong> NE</p>
<p><strong>Materiál:</strong> Sklo</p>

<p>Náramkový korálek se zataveným popelem<br />
&nbsp;<br />
průměr 18 mm; hmotnost 5,0 g<br />
<span style="color: #ce534d;">Zakázková výroba</span>&hellip; <a class="kt-excerpt-readmore more-link" href="http://www.kremacezviratostrava.cz/shop/produkt/koralek-15/">Čtěte více</a></p>
