{"id":2249,"date":"2019-01-21T15:41:20","date_gmt":"2019-01-21T14:41:20","guid":{"rendered":"http:\/\/www.kremacezviratostrava.cz\/shop\/?post_type=product&#038;p=2249"},"modified":"2019-02-13T18:37:40","modified_gmt":"2019-02-13T17:37:40","slug":"keramicka-urna-kopirovat","status":"publish","type":"product","link":"http:\/\/www.kremacezviratostrava.cz\/shop\/produkt\/keramicka-urna-kopirovat\/","title":{"rendered":"Keramick\u00e1 urna"},"content":{"rendered":"<p>Ru\u010dn\u011b vyroben\u00e1 zv\u00ed\u0159ec\u00ed keramick\u00e1 urna s&nbsp;pou\u017eit\u00edm bronzov\u00e9 patiny od&nbsp;Holandsk\u00e9ho um\u011blce Geerta Kunena. Urna se vyr\u00e1b\u00ed na&nbsp;zak\u00e1zku a&nbsp;tak dodac\u00ed doba m\u016f\u017ee b\u00fdt del\u0161\u00ed ne\u017e u&nbsp;ostatn\u00edch uren.<\/p>\n<p>Vzhledem k&nbsp;objemu 1,5 litru je tento model vhodn\u00fd pouze pro plemena do&nbsp;hmotnosti cca 50 kg*.<\/p>\n<p><strong>Barva: <\/strong>Bronzov\u00e1 patina<\/p>\n<p><strong>Rozm\u011bry:<\/strong>\u00a0objem 1,5&nbsp;l; v\u00fd\u0161ka 13 cm; hmotnost 1,4&nbsp;kg<\/p>\n<p><strong>Text:<\/strong>\u00a0ANO<br \/>\nNa&nbsp;urnu je mo\u017en\u00e9 p\u0159iobjednat p\u00edskov\u00e1n\u00ed textu.<\/p>\n<p><strong>Um\u00edst\u011bn\u00ed:<\/strong>\u00a0Interi\u00e9r<\/p>\n<p><em>*uveden\u00e1 hmotnost zv\u00ed\u0159\u00e1tka je pouze orienta\u010dn\u00ed a&nbsp;m\u016f\u017ee se u&nbsp;jednotliv\u00fdch zv\u00ed\u0159at li\u0161it!<\/em><\/p>\n","protected":false},"excerpt":{"rendered":"<p>Keramick\u00e1 urna kost<br \/>\n&nbsp;<br \/>\n<strong>Vhodn\u00e1 pro zv\u00ed\u0159\u00e1tka do&nbsp;50 kg*<\/strong><br \/>\nobjem 1,5&nbsp;l; v\u00fd\u0161ka 13 cm; hmotnost 1,4&nbsp;kg<br \/>\n<span style=\"color: #ce534d;\">B\u011b\u017en\u011b u&nbsp;dodavatele, obvykl\u00e9 dod\u00e1n\u00ed 7-14 dn\u016f<\/span>&hellip; <a class=\"kt-excerpt-readmore more-link\" href=\"http:\/\/www.kremacezviratostrava.cz\/shop\/produkt\/keramicka-urna-kopirovat\/\">\u010ct\u011bte v\u00edce<\/a><\/p>\n","protected":false},"featured_media":2250,"comment_status":"open","ping_status":"closed","template":"","meta":[],"product_cat":[71],"product_tag":[99],"_links":{"self":[{"href":"http:\/\/www.kremacezviratostrava.cz\/shop\/wp-json\/wp\/v2\/product\/2249"}],"collection":[{"href":"http:\/\/www.kremacezviratostrava.cz\/shop\/wp-json\/wp\/v2\/product"}],"about":[{"href":"http:\/\/www.kremacezviratostrava.cz\/shop\/wp-json\/wp\/v2\/types\/product"}],"replies":[{"embeddable":true,"href":"http:\/\/www.kremacezviratostrava.cz\/shop\/wp-json\/wp\/v2\/comments?post=2249"}],"wp:featuredmedia":[{"embeddable":true,"href":"http:\/\/www.kremacezviratostrava.cz\/shop\/wp-json\/wp\/v2\/media\/2250"}],"wp:attachment":[{"href":"http:\/\/www.kremacezviratostrava.cz\/shop\/wp-json\/wp\/v2\/media?parent=2249"}],"wp:term":[{"taxonomy":"product_cat","embeddable":true,"href":"http:\/\/www.kremacezviratostrava.cz\/shop\/wp-json\/wp\/v2\/product_cat?post=2249"},{"taxonomy":"product_tag","embeddable":true,"href":"http:\/\/www.kremacezviratostrava.cz\/shop\/wp-json\/wp\/v2\/product_tag?post=2249"}],"curies":[{"name":"wp","href":"https:\/\/api.w.org\/{rel}","templated":true}]}}