{"id":1807,"date":"2019-01-16T15:06:00","date_gmt":"2019-01-16T14:06:00","guid":{"rendered":"http:\/\/www.kremacezviratostrava.cz\/shop\/?post_type=product&#038;p=1807"},"modified":"2019-02-13T18:39:59","modified_gmt":"2019-02-13T17:39:59","slug":"urna-svicen-kopirovat-2","status":"publish","type":"product","link":"http:\/\/www.kremacezviratostrava.cz\/shop\/produkt\/urna-svicen-kopirovat-2\/","title":{"rendered":"Urna sv\u00edcen"},"content":{"rendered":"<p>Mosazn\u00e1 urni\u010dka sv\u00edcen\u00a0je vyroben\u00e1 z&nbsp;mosazi\u00a0od spole\u010dnosti LoveUrns<b>\u00ae<\/b>, kter\u00e1 je sv\u011btovou jedni\u010dkou ve&nbsp;v\u00fdrob\u011b kovov\u00fdch\u00a0uren. D\u00edky\u00a0modern\u00edmu designu, ru\u010dn\u00ed rytin\u011b zv\u00ed\u0159ec\u00edch motiv\u016f a&nbsp;kvalitn\u00edmu zpracov\u00e1n\u00ed pat\u0159\u00ed tato kolekce k&nbsp;exkluzivn\u00ed nab\u00eddce.\u00a0Urni\u010dka se uzav\u00edr\u00e1 ve&nbsp;vrchn\u00ed\u00a0\u010d\u00e1sti z\u00e1vitem.<\/p>\n<p>Vzhledem k&nbsp;objemu 1,0 litru je tento model vhodn\u00fd pouze pro plemena\u00a0do hmotnosti cca 30 kg*.<\/p>\n<p><strong>Barva:\u00a0<\/strong>\u010cern\u00e1<\/p>\n<p><strong>Rozm\u011bry:\u00a0<\/strong>objem 1,0&nbsp;l; v\u00fd\u0161ka 28 cm; hmotnost 0,8&nbsp;kg<\/p>\n<p><strong>Text:<\/strong>\u00a0NE<br \/>\nNa&nbsp;urnu nelze p\u00edskovat text, d\u00edky speci\u00e1ln\u00ed povrchov\u00e9 \u00faprav\u011b, kter\u00e1 chr\u00e1n\u00ed urnu p\u0159ed vn\u011bj\u0161\u00edmi vlivy.<\/p>\n<p><strong>Um\u00edst\u011bn\u00ed:<\/strong>\u00a0Interi\u00e9r<\/p>\n<p><strong>Extra:<\/strong>\u00a0Vyj\u00edmateln\u00fd sklen\u011bn\u00fd kal\u00ed\u0161ek na&nbsp;sv\u00ed\u010dku pro jednodu\u0161\u0161\u00ed \u010di\u0161t\u011bn\u00ed.<\/p>\n<p><em>*uveden\u00e1 hmotnost zv\u00ed\u0159\u00e1tka je pouze orienta\u010dn\u00ed a&nbsp;m\u016f\u017ee se u&nbsp;jednotliv\u00fdch zv\u00ed\u0159at li\u0161it!<\/em><\/p>\n","protected":false},"excerpt":{"rendered":"<p>Mosazn\u00e1 urna pro zv\u00ed\u0159\u00e1tka \u2013 sv\u00edcen<br \/>\n&nbsp;<br \/>\n<strong>Vhodn\u00e1 pro zv\u00ed\u0159\u00e1tka do&nbsp;30 kg*<\/strong><br \/>\nobjem 1,0&nbsp;l; v\u00fd\u0161ka 28 cm; hmotnost 0,8&nbsp;kg<br \/>\n<span style=\"color: #ce534d;\">B\u011b\u017en\u011b u&nbsp;dodavatele, obvykl\u00e9 dod\u00e1n\u00ed 7-14 dn\u016f<\/span>&hellip; <a class=\"kt-excerpt-readmore more-link\" href=\"http:\/\/www.kremacezviratostrava.cz\/shop\/produkt\/urna-svicen-kopirovat-2\/\">\u010ct\u011bte v\u00edce<\/a><\/p>\n","protected":false},"featured_media":1808,"comment_status":"open","ping_status":"closed","template":"","meta":[],"product_cat":[69],"product_tag":[99],"_links":{"self":[{"href":"http:\/\/www.kremacezviratostrava.cz\/shop\/wp-json\/wp\/v2\/product\/1807"}],"collection":[{"href":"http:\/\/www.kremacezviratostrava.cz\/shop\/wp-json\/wp\/v2\/product"}],"about":[{"href":"http:\/\/www.kremacezviratostrava.cz\/shop\/wp-json\/wp\/v2\/types\/product"}],"replies":[{"embeddable":true,"href":"http:\/\/www.kremacezviratostrava.cz\/shop\/wp-json\/wp\/v2\/comments?post=1807"}],"wp:featuredmedia":[{"embeddable":true,"href":"http:\/\/www.kremacezviratostrava.cz\/shop\/wp-json\/wp\/v2\/media\/1808"}],"wp:attachment":[{"href":"http:\/\/www.kremacezviratostrava.cz\/shop\/wp-json\/wp\/v2\/media?parent=1807"}],"wp:term":[{"taxonomy":"product_cat","embeddable":true,"href":"http:\/\/www.kremacezviratostrava.cz\/shop\/wp-json\/wp\/v2\/product_cat?post=1807"},{"taxonomy":"product_tag","embeddable":true,"href":"http:\/\/www.kremacezviratostrava.cz\/shop\/wp-json\/wp\/v2\/product_tag?post=1807"}],"curies":[{"name":"wp","href":"https:\/\/api.w.org\/{rel}","templated":true}]}}